Let d(v) = 17*b(v) + 6*f(v). Suppose -11*z = -12*z + 4. Is d(z) a multiple of 21?
True
Let f be (-1)/(-6)*58*-3. Let i = -14 - f. Does 4 divide i?
False
Let m = 5 + -5. Suppose m*i + 2*i + 3*n = 57, n + 107 = 4*i. Does 7 divide i?
False
Let b(l) = -l**2 - 9*l + 2. Let m be b(-9). Suppose 0 = i + m*y - 10 - 8, -i + 3*y + 8 = 0. Is i a multiple of 14?
True
Let m(j) = 2*j + 8. Let t be m(-6). Let s(b) = -11*b - 2. Let o be s(t). Let f = -19 + o. Is 8 a factor of f?
False
Let q(v) = 12*v**2 - 2*v + 1. Let l(u) be the first derivative of u**3/3 - u**2 - 2*u + 1. Let p be l(3). Is 6 a factor of q(p)?
False
Let b = -134 + 210. Is b a multiple of 41?
False
Let c(z) = -z**3 + 2*z + 1. Let k be c(3). Let l be 1 + k + (-4)/(-2). Let i = -3 - l. Does 7 divide i?
True
Let r = -25 - -43. Is 6 a factor of (9/(-2))/(r/(-24))?
True
Is 16 a factor of 44 - (-2 - (-2 + 4))?
True
Let c(y) = 6*y**2 + 5*y - 12. Is 42 a factor of c(-6)?
False
Let n = -3 - -10. Does 6 divide (n + -3)*(-33)/(-12)?
False
Let u(k) = k**2 + 6*k - 3. Let w be u(-7). Let j(b) be the first derivative of b**4/4 - 2*b**3/3 - 5*b**2/2 - b + 1. Is 10 a factor of j(w)?
False
Let h be -2 + (6 - 1) - 9. Is 11/(-1)*(h + 2) a multiple of 22?
True
Let r(m) = -7*m + 2. Let i(c) = 15*c - 3. Let f(k) = -2*i(k) - 5*r(k). Does 17 divide f(7)?
False
Let t(v) = -117 + v**2 + 5*v + 124 - v. Is 2 a factor of t(-4)?
False
Let w(f) = -f**2 - 3*f. Let a be w(-3). Let l(c) = 1 + 10 + 2 - c. Is 5 a factor of l(a)?
False
Let y(l) = 13*l - 21. Is y(9) a multiple of 12?
True
Suppose -6*z = -2*z - 16. Suppose -z*d - 8 = -3*g, 3*g + 2*g - 2*d - 18 = 0. Suppose k - 5*n = -k + 62, -3*k = -g*n - 86. Is 13 a factor of k?
True
Suppose -j + 7*j - 60 = 0. Is j even?
True
Is -7*(4 + 328/(-28)) a multiple of 20?
False
Let y = -4 - 1. Let b(c) = -2 - 3*c**2 - 1 - 4*c + 4 - c**3 + 11*c. Is 9 a factor of b(y)?
False
Let v be ((-18)/4)/((-6)/8). Let l be (-3)/v*(-5 - -1). Let w(z) = 7*z - 2. Is 6 a factor of w(l)?
True
Let a(s) = 6*s - 7. Let z be a(10). Suppose 2*o + 3 = z. Is 14 a factor of o?
False
Suppose 0 = i - 5*i - 5*h + 87, -i + 3*h = -26. Does 4 divide i?
False
Suppose 5*k - 48 = -k. Does 4 divide k?
True
Let x(i) = 5*i**3 + 2*i**2 + 2*i - 1. Let d = 6 - 4. Let c be x(d). Is 19 a factor of c - (4 + -2) - 3?
False
Suppose x - 4*x = -9. Let y(h) = 6*h - 3. Is y(x) a multiple of 11?
False
Let l(h) = 7*h + 1. Let d(a) = -8*a - 2. Let o(m) = 4*d(m) + 5*l(m). Let j be o(-5). Let c = -4 - j. Is c a multiple of 14?
True
Suppose 0*r = -5*r. Suppose 2*a = -r*a. Suppose a*w - 3*w = -54. Does 9 divide w?
True
Let n = -37 + 16. Let x = 31 + n. Is 8 a factor of x?
False
Let l(h) = -h**3 - 8*h**2 - 8*h - 7. Suppose -w - 1 = 0, 0*n + 4*n + 25 = 3*w. Let a be l(n). Suppose a*j = -3*j + 45. Is 6 a factor of j?
False
Let j(g) = 2*g**2 - 2*g + 7. Is 8 a factor of j(3)?
False
Let n = -24 + 12. Let u = -5 - n. Does 3 divide u?
False
Let h(n) = 4*n**3 - n**2 - 3*n + 1. Does 8 divide h(2)?
False
Suppose -o = -3*j + 11, 7 + 3 = 2*o + 2*j. Let w(p) = -p + o - 4 + 0*p - 4*p. Does 12 divide w(-5)?
False
Let g = 147 + -105. Is g a multiple of 9?
False
Let w be 12/(-16) + 1/(-4). Let k = 11 + w. Does 4 divide k?
False
Let l(k) = -k**2 + 13*k + 7. Does 6 divide l(13)?
False
Let y(i) = i**3 + 10*i**2 - 18*i - 14. Is 7 a factor of y(-11)?
True
Suppose 5*c + 13 + 7 = 0. Let k(r) = -4*r - 4. Is 5 a factor of k(c)?
False
Does 5 divide (4/(-5))/(2/25)*-1?
True
Let o = 133 + -253. Let p = 215 + o. Does 28 divide p?
False
Let g be (-8*1)/(2/(-53)). Suppose -5*j + 2*d + d + 258 = 0, g = 4*j - d. Suppose -2*u - r - 19 = -j, -u = -5*r - 1. Does 8 divide u?
True
Suppose 98 + 78 = 4*p + h, -220 = -5*p - 3*h. Is p a multiple of 10?
False
Is 13 a factor of 22/(-99) - (-1732)/18?
False
Suppose 2*j - 9 = -3. Does 22 divide 51 - (2*-2 + j)?
False
Let z be (-6)/2*(-30)/18. Suppose r = a - 2*r - z, 55 = 4*a - 5*r. Does 10 divide a?
True
Does 25 divide (-8 + 12)*(-146)/(-8)?
False
Suppose -2*s = 2*s + 108. Let g = -86 + 37. Let n = s - g. Does 10 divide n?
False
Let s be (-4)/(-10) - (-386)/10. Suppose 0 = -w - t + s, t + 22 = 3*w - 79. Suppose 0 = 4*i + r - w, 2*r + 0*r = -3*i + 30. Does 6 divide i?
False
Let f = 25 + -11. Is 11 a factor of f?
False
Let j(s) = -57*s**3 - 2 + s + 56*s**3 - s**2 - 5*s. Is 11 a factor of j(-3)?
False
Let k = 2 + 1. Does 3 divide k?
True
Let h(x) = -x**3 + 10*x**2 + 12*x - 3. Suppose -5*p = -4*o + 69, -19 = -3*o + 2*p + 24. Does 4 divide h(o)?
True
Suppose 2*m + 5*x + 71 = 0, 18 = -5*m + x - 92. Does 8 divide (-6*1)/(-3) - m?
False
Suppose 0*v - v = 0. Suppose -r - 2 + 1 = v. Let a(g) = -42*g**3 - g**2 - 2*g - 1. Is 12 a factor of a(r)?
False
Suppose 5*m - 3*m = 0. Is m + 3*8/6 a multiple of 3?
False
Let r(a) = -27*a + 7. Let z be r(-7). Suppose 4*w - 265 = -w - 5*b, 4*b + z = 4*w. Does 17 divide w?
True
Is (-1918)/(-21) - 2/(-3) a multiple of 23?
True
Suppose f - 1 = 4. Suppose -4*x + y = -4, 3*y = -f*x + 2*y + 14. Suppose -b = 4*m - 6, -x*b - 2*m - 60 = -6*b. Does 6 divide b?
False
Suppose 0 = -2*f + 59 - 9. Suppose 0 = -4*d + 3*g - 25 - 43, -5*g = 0. Let a = d + f. Does 8 divide a?
True
Suppose -31 = -k - 4*q, 0 = 2*k - 5*q - 20 - 68. Does 13 divide k?
True
Let v = -23 - -51. Is v a multiple of 18?
False
Let j(z) = -3*z**2 - 4*z - 2. Let o be j(-2). Let d = o - -13. Is 2 a factor of d?
False
Let m be 1 - 1 - (0 - -1). Let x(g) = -7*g + 1. Let p be x(m). Suppose 3 + p = j. Is j a multiple of 11?
True
Let p = -2 + 4. Suppose 4*y = p*m + 8, -m - m = 0. Suppose -y*l + 3*o + 14 = 4*o, 4*l = -o + 24. Is 2 a factor of l?
False
Suppose -5*i - 73 = -d, 2*d = 6*d + i - 250. Is 21 a factor of d?
True
Suppose 4*k = -8 + 316. Is 23 a factor of k?
False
Let h(d) = -d - 9. Let o be h(-11). Suppose o*k - 4*k - 12 = 0. Is 12 a factor of 216/10 - k/15?
False
Is 4 a factor of (38/57)/(3/((-666)/(-4)))?
False
Let c = 8 - 5. Is 24 a factor of 1 + 0 + c + 28?
False
Let q = 32 + -48. Let k = q - -11. Let r(t) = t**2 + 3*t - 4. Is r(k) a multiple of 3?
True
Let i = 200 + -74. Does 9 divide i?
True
Suppose 6*p - p - 45 = 0. Suppose -3*j + p = -15. Is 15 a factor of 25*(j/(-10) - -2)?
True
Let z(j) = j + 8. Is z(-6) even?
True
Let q(l) = l**2 - 8. Let b be q(6). Let s = b - 1. Is s a multiple of 11?
False
Is 17 a factor of -1 - (-38 - -4 - 1)?
True
Let q(w) = 19*w**2 - w + 2. Let y be q(-2). Suppose 4*g = 3*t - y, -54 = -0*t - 2*t + 2*g. Is 14 a factor of t?
True
Suppose -5*l + 153 + 472 = -r, -3*l + 375 = -r. Let p = l - 74. Is p a multiple of 18?
False
Let h(i) = i**2 + 8*i - 14. Suppose 0*d - 4*d = 3*g - 144, -108 = -3*d - 4*g. Suppose 0 = -5*m + 2*l - 52, d = -4*m - 5*l + l. Does 3 divide h(m)?
True
Suppose 3*q + 5*u = -3 + 20, -2*u - 18 = -5*q. Is q a multiple of 4?
True
Let m = -11 - -19. Is m a multiple of 6?
False
Suppose -p - 257 = -4*x, -5*x - 3*p = -33 - 267. Is x a multiple of 21?
True
Suppose -5*q + 3*k + 47 + 32 = 0, 58 = 4*q - 5*k. Let f = 19 + q. Is f a multiple of 19?
False
Let q = 12 - 12. Is 18 a factor of 13/(-2)*(q + -6)?
False
Does 20 divide ((-15)/4)/((-12)/64)?
True
Let q(j) = -j**3 - 13*j**2 - 16*j - 5. Is q(-12) a multiple of 19?
False
Let v(b) = 14*b - 17. Let a be v(-6). Suppose 4*o + 217 + 39 = 0. Let c = o - a. Does 17 divide c?
False
Suppose r = 4*r - 96. Let d = 218 - 135. Suppose -2*p = t - 19, -4*t + r + d = -5*p. Is 12 a factor of t?
False
Let a be (-2 + (-5)/(-1))*2. Let z be (a/4)/((-3)/(-6)). Is 9 a factor of 24 - (3/z - 1)?
False
Let b be 288/3 - (0 - -2). Let l = -66 + b. Let i = 49 - l. Is i a multiple of 11?
False
Let p(m) = m**3 + 3*m**2 - 5*m + 1. Let v be p(5). Suppose 11*n - v = 7*n. Is n a multiple of 11?
True
Let i = 186 + -128. Does 29 divide i?
True
Suppose -3*g + 253 = 5*o, 0*g = -o + 4*g + 46. Suppose -5*m - o + 190 = 0. Is m a multiple of 15?
False
Is (-318)/(-8) + (-22)/(-88) a multiple of 4?
True
Suppose -u + 6*u = 150. Is 15 a factor of u?
True
Suppose -5*h + 2*h + 6 = 0. Suppose -v + 15 = h*o + 3, 16 = -v + 5*o. Is 4 a factor of v?
True
Suppose -o = 2*o - s - 158, -2*o + 100 = -2*s. Is 24 a factor of o?
False
Suppose -2*d - 2*d = 0. Let j(k) = d*k + k - k + 20*k**2. Is 11 a factor of j(-1)?
False
Let j(a) = -a**3 - 5*a**2 - a - 3. Is 16 a factor of j(-6)?
False
Let y(c) = -c + 17. Let t(w) = -w + 2. Let d